Calculate the remainder when 256 is divided by 137.
119
What is the remainder when 961 is divided by 42?
37
What is the remainder when 2723 is divided by 25?
23
Calculate the remainder when 322 is divided by 54.
52
Calculate the remainder when 1772 is divided by 110.
12
What is the remainder when 10065 is divided by 148?
1
Calculate the remainder when 1068 is divided by 187.
133
What is the remainder when 2932 is divided by 15?
7
Calculate the remainder when 33 is divided by 4.
1
What is the remainder when 117 is divided by 12?
9
Calculate the remainder when 14894 is divided by 39.
35
What is the remainder when 28 is divided by 12?
4
Calculate the remainder when 3105 is divided by 3.
0
Calculate the remainder when 140 is divided by 32.
12
Calculate the remainder when 433 is divided by 29.
27
What is the remainder when 2231 is divided by 224?
215
Calculate the remainder when 9 is divided by 8.
1
What is the remainder when 136 is divided by 23?
21
Calculate the remainder when 827 is divided by 123.
89
What is the remainder when 10018 is divided by 3336?
10
Calculate the remainder when 106 is divided by 46.
14
What is the remainder when 82 is divided by 35?
12
What is the remainder when 246 is divided by 29?
14
What is the remainder when 494 is divided by 6?
2
What is the remainder when 211 is divided by 57?
40
Calculate the remainder when 119 is divided by 87.
32
Calculate the remainder when 295 is divided by 96.
7
What is the remainder when 855 is divided by 285?
0
Calculate the remainder when 415 is divided by 32.
31
Calculate the remainder when 3607 is divided by 258.
253
Calculate the remainder when 108 is divided by 39.
30
What is the remainder when 311 is divided by 26?
25
What is the remainder when 230 is divided by 62?
44
What is the remainder when 1528 is divided by 374?
32
What is the remainder when 601 is divided by 73?
17
What is the remainder when 646 is divided by 11?
8
Calculate the remainder when 771 is divided by 52.
43
Calculate the remainder when 13587 is divided by 43.
42
What is the remainder when 192 is divided by 37?
7
Calculate the remainder when 10305 is divided by 40.
25
Calculate the remainder when 891 is divided by 443.
5
Calculate the remainder when 1785 is divided by 14.
7
Calculate the remainder when 1760 is divided by 41.
38
Calculate the remainder when 12670 is divided by 96.
94
Calculate the remainder when 763 is divided by 64.
59
What is the remainder when 227 is divided by 58?
53
What is the remainder when 92 is divided by 34?
24
What is the remainder when 1732 is divided by 81?
31
Calculate the remainder when 206 is divided by 53.
47
Calculate the remainder when 1696 is divided by 23.
17
Calculate the remainder when 1222 is divided by 133.
25
What is the remainder when 118 is divided by 55?
8
Calculate the remainder when 316 is divided by 29.
26
What is the remainder when 171 is divided by 63?
45
Calculate the remainder when 236 is divided by 130.
106
Calculate the remainder when 174 is divided by 20.
14
Calculate the remainder when 1050 is divided by 343.
21
What is the remainder when 133 is divided by 60?
13
What is the remainder when 315 is divided by 108?
99
Calculate the remainder when 14769 is divided by 5.
4
Calculate the remainder when 831 is divided by 736.
95
Calculate the remainder when 272 is divided by 46.
42
What is the remainder when 45675 is divided by 76?
75
What is the remainder when 238 is divided by 90?
58
What is the remainder when 28 is divided by 16?
12
What is the remainder when 628 is divided by 78?
4
What is the remainder when 289 is divided by 69?
13
Calculate the remainder when 1537 is divided by 489.
70
What is the remainder when 1748 is divided by 11?
10
Calculate the remainder when 1329 is divided by 31.
27
Calculate the remainder when 3331 is divided by 101.
99
What is the remainder when 117 is divided by 10?
7
What is the remainder when 105 is divided by 17?
3
What is the remainder when 333 is divided by 4?
1
Calculate the remainder when 247 is divided by 44.
27
Calculate the remainder when 61 is divided by 7.
5
What is the remainder when 1781 is divided by 66?
65
What is the remainder when 6775 is divided by 44?
43
What is the remainder when 8663 is divided by 228?
227
Calculate the remainder when 583 is divided by 579.
4
What is the remainder when 437 is divided by 22?
19
What is the remainder when 247 is divided by 25?
22
What is the remainder when 505 is divided by 244?
17
Calculate the remainder when 101 is divided by 13.
10
Calculate the remainder when 166 is divided by 18.
4
What is the remainder when 340 is divided by 35?
25
Calculate the remainder when 3485 is divided by 15.
5
What is the remainder when 166 is divided by 34?
30
Calculate the remainder when 120 is divided by 94.
26
What is the remainder when 15387 is divided by 54?
51
What is the remainder when 66 is divided by 16?
2
Calculate the remainder when 14556 is divided by 260.
256
What is the remainder when 311 is divided by 49?
17
Calculate the remainder when 2427 is divided by 346.
5
What is the remainder when 3135 is divided by 8?
7
Calculate the remainder when 151 is divided by 4.
3
Calculate the remainder when 1196 is divided by 200.
196
What is the remainder when 727 is divided by 15?
7
Calculate the remainder when 1943 is divided by 49.
32
What is the remainder when 392 is divided by 7?
0
What is the remainder when 20 is divided by 15?
5
Calculate the remainder when 497 is divided by 10.
7
What is the remainder when 8015 is divided by 136?
127
Calculate the remainder when 346 is divided by 88.
82
Calculate the remainder when 1251 is divided by 79.
66
What is the remainder when 1768 is divided by 23?
20
What is the remainder when 115 is divided by 43?
29
What is the remainder when 10882 is divided by 35?
32
Calculate the remainder when 152 is divided by 18.
8
What is the remainder when 656 is divided by 3?
2
What is the remainder when 1023 is divided by 15?
3
What is the remainder when 206 is divided by 52?
50
What is the remainder when 4575 is divided by 13?
12
Calculate the remainder when 6520 is divided by 233.
229
What is the remainder when 41 is divided by 2?
1
Calculate the remainder when 401 is divided by 60.
41
Calculate the remainder when 639 is divided by 66.
45
What is the remainder when 466 is divided by 79?
71
Calculate the remainder when 321 is divided by 133.
55
What is the remainder when 2819 is divided by 1406?
7
Calculate the remainder when 6707 is divided by 105.
92
Calculate the remainder when 66 is divided by 26.
14
Calculate the remainder when 731 is divided by 200.
131
What is the remainder when 4450 is divided by 49?
40
Calculate the remainder when 910 is divided by 172.
50
Calculate the remainder when 926 is divided by 71.
3
What is the remainder when 98 is divided by 14?
0
Calculate the remainder when 757 is divided by 157.
129
What is the remainder when 64 is divided by 49?
15
Calculate the remainder when 545 is divided by 3.
2
Calculate the remainder when 30 is divided by 29.
1
What is the remainder when 112 is divided by 44?
24
What is the remainder when 860 is divided by 99?
68
What is the remainder when 111 is divided by 28?
27
Calculate the remainder when 1235 is divided by 20.
15
Calculate the remainder when 2389 is divided by 787.
28
What is the remainder when 3127 is divided by 5?
2
What is the remainder when 157 is divided by 58?
41
What is the remainder when 537 is divided by 21?
12
Calculate the remainder when 1101 is divided by 41.
35
What is the remainder when 1374 is divided by 55?
54
Calculate the remainder when 156 is divided by 2.
0
Calculate the remainder when 2695 is divided by 104.
95
What is the remainder when 164 is divided by 14?
10
Calculate the remainder when 231 is divided by 34.
27
What is the remainder when 62 is divided by 20?
2
Calculate the remainder when 33 is divided by 20.
13
Calculate the remainder when 127 is divided by 35.
22
Calculate the remainder when 3147 is divided by 50.
47
What is the remainder when 2632 is divided by 1316?
0
Calculate the remainder when 28 is divided by 5.
3
What is the remainder when 5273 is divided by 48?
41
Calculate the remainder when 293 is divided by 75.
68
Calculate the remainder when 685 is divided by 7